{"id":499,"date":"2025-04-03T11:22:52","date_gmt":"2025-04-03T11:22:52","guid":{"rendered":"https:\/\/magical-cohen.5-44-109-22.plesk.page\/?page_id=499"},"modified":"2025-04-03T11:33:23","modified_gmt":"2025-04-03T11:33:23","slug":"corporate-design","status":"publish","type":"page","link":"https:\/\/magical-cohen.5-44-109-22.plesk.page\/index.php\/corporate-design\/","title":{"rendered":"Corporate Design"},"content":{"rendered":"\t\t<div data-elementor-type=\"wp-page\" data-elementor-id=\"499\" class=\"elementor elementor-499\" data-elementor-post-type=\"page\">\n\t\t\t\t<div class=\"elementor-element elementor-element-6e77e99 e-con-full e-flex e-con e-parent\" data-id=\"6e77e99\" data-element_type=\"container\" data-settings=\"{&quot;background_background&quot;:&quot;classic&quot;}\">\n\t\t\t\t<\/div>\n\t\t<div class=\"elementor-element elementor-element-715a9d2 e-flex e-con-boxed e-con e-parent\" data-id=\"715a9d2\" data-element_type=\"container\" data-settings=\"{&quot;background_background&quot;:&quot;classic&quot;}\">\n\t\t\t\t\t<div class=\"e-con-inner\">\n\t\t<div class=\"elementor-element elementor-element-3c6102c e-con-full e-flex e-con e-child\" data-id=\"3c6102c\" data-element_type=\"container\">\n\t\t\t\t<div class=\"elementor-element elementor-element-ea59fe7 elementor-widget elementor-widget-heading\" data-id=\"ea59fe7\" data-element_type=\"widget\" data-widget_type=\"heading.default\">\n\t\t\t\t<div class=\"elementor-widget-container\">\n\t\t\t\t\t<h1 class=\"elementor-heading-title elementor-size-default\">MWW Medien \u2013 Ihr Partner f\u00fcr Corporate Design, das Eindruck hinterl\u00e4sst<\/h1>\t\t\t\t<\/div>\n\t\t\t\t<\/div>\n\t\t\t\t<div class=\"elementor-element elementor-element-0274c69 elementor-widget elementor-widget-text-editor\" data-id=\"0274c69\" data-element_type=\"widget\" data-widget_type=\"text-editor.default\">\n\t\t\t\t<div class=\"elementor-widget-container\">\n\t\t\t\t\t\t\t\t\t<div class=\"uk-panel uk-margin\"><p class=\"p1\">Bei\u00a0<strong>MWW Medien<\/strong>\u00a0wissen wir, wie wichtig ein starkes Corporate Design f\u00fcr den Erfolg eines Unternehmens ist. Es ist weit mehr als nur ein ansprechendes Logo oder eine Farbpalette \u2013 es ist die visuelle Identit\u00e4t, die Ihre Marke einzigartig macht und Ihre Werte, Vision und Mission transportiert. Mit unserem Know-How schaffen wir ein einheitliches Erscheinungsbild, das Vertrauen weckt, Professionalit\u00e4t ausstrahlt und Ihre Zielgruppe begeistert.<\/p><\/div>\t\t\t\t\t\t\t\t<\/div>\n\t\t\t\t<\/div>\n\t\t<div class=\"elementor-element elementor-element-490ae18 e-con-full e-grid e-con e-child\" data-id=\"490ae18\" data-element_type=\"container\">\n\t\t\t\t<div class=\"elementor-element elementor-element-3ba8eaa elementor-widget elementor-widget-image\" data-id=\"3ba8eaa\" data-element_type=\"widget\" data-widget_type=\"image.default\">\n\t\t\t\t<div class=\"elementor-widget-container\">\n\t\t\t\t\t\t\t\t\t\t\t\t\t\t\t<img fetchpriority=\"high\" decoding=\"async\" width=\"1024\" height=\"942\" src=\"https:\/\/magical-cohen.5-44-109-22.plesk.page\/wp-content\/uploads\/2025\/04\/KS_CorporateDesign-1024x942.png\" class=\"attachment-large size-large wp-image-212\" alt=\"\" srcset=\"https:\/\/magical-cohen.5-44-109-22.plesk.page\/wp-content\/uploads\/2025\/04\/KS_CorporateDesign-1024x942.png 1024w, https:\/\/magical-cohen.5-44-109-22.plesk.page\/wp-content\/uploads\/2025\/04\/KS_CorporateDesign-300x276.png 300w, https:\/\/magical-cohen.5-44-109-22.plesk.page\/wp-content\/uploads\/2025\/04\/KS_CorporateDesign-768x707.png 768w, https:\/\/magical-cohen.5-44-109-22.plesk.page\/wp-content\/uploads\/2025\/04\/KS_CorporateDesign.png 1080w\" sizes=\"(max-width: 1024px) 100vw, 1024px\" \/>\t\t\t\t\t\t\t\t\t\t\t\t\t\t\t<\/div>\n\t\t\t\t<\/div>\n\t\t\t\t<div class=\"elementor-element elementor-element-a24d07f elementor-widget elementor-widget-image\" data-id=\"a24d07f\" data-element_type=\"widget\" data-widget_type=\"image.default\">\n\t\t\t\t<div class=\"elementor-widget-container\">\n\t\t\t\t\t\t\t\t\t\t\t\t\t\t\t<img decoding=\"async\" width=\"1024\" height=\"942\" src=\"https:\/\/magical-cohen.5-44-109-22.plesk.page\/wp-content\/uploads\/2025\/04\/SET_ReDesign_2024-1024x942.png\" class=\"attachment-large size-large wp-image-225\" alt=\"\" srcset=\"https:\/\/magical-cohen.5-44-109-22.plesk.page\/wp-content\/uploads\/2025\/04\/SET_ReDesign_2024-1024x942.png 1024w, https:\/\/magical-cohen.5-44-109-22.plesk.page\/wp-content\/uploads\/2025\/04\/SET_ReDesign_2024-300x276.png 300w, https:\/\/magical-cohen.5-44-109-22.plesk.page\/wp-content\/uploads\/2025\/04\/SET_ReDesign_2024-768x707.png 768w, https:\/\/magical-cohen.5-44-109-22.plesk.page\/wp-content\/uploads\/2025\/04\/SET_ReDesign_2024.png 1080w\" sizes=\"(max-width: 1024px) 100vw, 1024px\" \/>\t\t\t\t\t\t\t\t\t\t\t\t\t\t\t<\/div>\n\t\t\t\t<\/div>\n\t\t\t\t<div class=\"elementor-element elementor-element-3f8349d elementor-widget elementor-widget-image\" data-id=\"3f8349d\" data-element_type=\"widget\" data-widget_type=\"image.default\">\n\t\t\t\t<div class=\"elementor-widget-container\">\n\t\t\t\t\t\t\t\t\t\t\t\t\t\t\t<img decoding=\"async\" width=\"1024\" height=\"942\" src=\"https:\/\/magical-cohen.5-44-109-22.plesk.page\/wp-content\/uploads\/2025\/04\/RSC_CorporateDesign-1024x942.png\" class=\"attachment-large size-large wp-image-201\" alt=\"\" srcset=\"https:\/\/magical-cohen.5-44-109-22.plesk.page\/wp-content\/uploads\/2025\/04\/RSC_CorporateDesign-1024x942.png 1024w, https:\/\/magical-cohen.5-44-109-22.plesk.page\/wp-content\/uploads\/2025\/04\/RSC_CorporateDesign-300x276.png 300w, https:\/\/magical-cohen.5-44-109-22.plesk.page\/wp-content\/uploads\/2025\/04\/RSC_CorporateDesign-768x707.png 768w, https:\/\/magical-cohen.5-44-109-22.plesk.page\/wp-content\/uploads\/2025\/04\/RSC_CorporateDesign.png 1080w\" sizes=\"(max-width: 1024px) 100vw, 1024px\" \/>\t\t\t\t\t\t\t\t\t\t\t\t\t\t\t<\/div>\n\t\t\t\t<\/div>\n\t\t\t\t<\/div>\n\t\t\t\t<\/div>\n\t\t\t\t\t<\/div>\n\t\t\t\t<\/div>\n\t\t<div class=\"elementor-element elementor-element-a895d6b e-flex e-con-boxed e-con e-parent\" data-id=\"a895d6b\" data-element_type=\"container\" data-settings=\"{&quot;background_background&quot;:&quot;classic&quot;}\">\n\t\t\t\t\t<div class=\"e-con-inner\">\n\t\t\t\t<div class=\"elementor-element elementor-element-e3905ab elementor-widget-divider--view-line elementor-widget elementor-widget-divider\" data-id=\"e3905ab\" data-element_type=\"widget\" data-widget_type=\"divider.default\">\n\t\t\t\t<div class=\"elementor-widget-container\">\n\t\t\t\t\t\t\t<div class=\"elementor-divider\">\n\t\t\t<span class=\"elementor-divider-separator\">\n\t\t\t\t\t\t<\/span>\n\t\t<\/div>\n\t\t\t\t\t\t<\/div>\n\t\t\t\t<\/div>\n\t\t<div class=\"elementor-element elementor-element-3ff8ac0 e-con-full e-flex e-con e-child\" data-id=\"3ff8ac0\" data-element_type=\"container\">\n\t\t\t\t<div class=\"elementor-element elementor-element-d71bc3f elementor-widget elementor-widget-text-editor\" data-id=\"d71bc3f\" data-element_type=\"widget\" data-widget_type=\"text-editor.default\">\n\t\t\t\t<div class=\"elementor-widget-container\">\n\t\t\t\t\t\t\t\t\t<div class=\"uk-panel uk-margin\"><h4 style=\"font-style: normal; text-decoration: none; font-family: -apple-system, BlinkMacSystemFont, 'Segoe UI', Roboto, 'Helvetica Neue', Arial, sans-serif; font-weight: bold; color: #ffffff; text-transform: uppercase; font-size: 13px; line-height: 1.4; letter-spacing: 1.8px;\"><span style=\"--uk-inverse: initial; color: #dcbd00;\">Warum Corporate Design?<\/span><\/h4><div style=\"letter-spacing: normal; font-family: -apple-system, BlinkMacSystemFont, 'Segoe UI', Roboto, 'Helvetica Neue', Arial, sans-serif; font-size: 18px;\"><p>Ein durchdachtes Corporate Design ist die Grundlage f\u00fcr Ihre Markenwahrnehmung. Es sorgt f\u00fcr:<\/p><ul><li><strong>Wiedererkennung:<\/strong>\u00a0Einheitliche Gestaltungselemente machen Ihre Marke unverwechselbar.<\/li><li><strong>Vertrauen:<\/strong>\u00a0Ein professionelles Design signalisiert Kompetenz und Verl\u00e4sslichkeit.<\/li><li><strong>Markenbindung:<\/strong>\u00a0Kunden und Partner identifizieren sich leichter mit Ihrer Marke.<\/li><li><strong>Klarheit:<\/strong>\u00a0Ihre Botschaften werden klar und einpr\u00e4gsam kommuniziert.<\/li><\/ul><\/div><\/div>\t\t\t\t\t\t\t\t<\/div>\n\t\t\t\t<\/div>\n\t\t\t\t<\/div>\n\t\t\t\t\t<\/div>\n\t\t\t\t<\/div>\n\t\t<div class=\"elementor-element elementor-element-f07b220 e-flex e-con-boxed e-con e-parent\" data-id=\"f07b220\" data-element_type=\"container\" data-settings=\"{&quot;background_background&quot;:&quot;classic&quot;}\">\n\t\t\t\t\t<div class=\"e-con-inner\">\n\t\t\t\t<div class=\"elementor-element elementor-element-3bdfe92 elementor-widget-divider--view-line elementor-widget elementor-widget-divider\" data-id=\"3bdfe92\" data-element_type=\"widget\" data-widget_type=\"divider.default\">\n\t\t\t\t<div class=\"elementor-widget-container\">\n\t\t\t\t\t\t\t<div class=\"elementor-divider\">\n\t\t\t<span class=\"elementor-divider-separator\">\n\t\t\t\t\t\t<\/span>\n\t\t<\/div>\n\t\t\t\t\t\t<\/div>\n\t\t\t\t<\/div>\n\t\t<div class=\"elementor-element elementor-element-4db984b e-con-full e-flex e-con e-child\" data-id=\"4db984b\" data-element_type=\"container\">\n\t\t\t\t<div class=\"elementor-element elementor-element-f5ac966 elementor-widget elementor-widget-text-editor\" data-id=\"f5ac966\" data-element_type=\"widget\" data-widget_type=\"text-editor.default\">\n\t\t\t\t<div class=\"elementor-widget-container\">\n\t\t\t\t\t\t\t\t\t<div class=\"uk-panel uk-margin\"><h4 style=\"font-style: normal; text-decoration: none; font-family: -apple-system, BlinkMacSystemFont, 'Segoe UI', Roboto, 'Helvetica Neue', Arial, sans-serif; font-weight: bold; color: #ffffff; text-transform: uppercase; font-size: 13px; line-height: 1.4; letter-spacing: 1.8px;\"><span style=\"--uk-inverse: initial; color: #dcbd00;\">Unsere Leistungen im Bereich Corporate Design?<\/span><\/h4><div style=\"letter-spacing: normal; font-family: -apple-system, BlinkMacSystemFont, 'Segoe UI', Roboto, 'Helvetica Neue', Arial, sans-serif; font-size: 18px;\"><p><strong>1. Logo-Design<\/strong><\/p><p>Ihr Logo ist das Gesicht Ihrer Marke. Wir entwickeln ein einzigartiges, zeitloses und ausdrucksstarkes Logo, das Ihre Marke perfekt repr\u00e4sentiert.<\/p><p><strong>2. Farb- und Schriftkonzept<\/strong><\/p><p>Farben und Schriften tragen ma\u00dfgeblich zur Markenidentit\u00e4t bei. Wir erarbeiten ein harmonisches Farbschema und eine Schriftauswahl, die Ihre Botschaft optimal unterstreichen.<\/p><p><strong>3. Gestaltung von Gesch\u00e4ftsunterlagen<\/strong><\/p><p>Von Visitenkarten \u00fcber Briefpapier bis hin zu Pr\u00e4sentationsvorlagen \u2013 wir sorgen daf\u00fcr, dass Ihre Gesch\u00e4ftsausstattung professionell und einheitlich ist.<\/p><p><strong>4. Corporate Guidelines<\/strong><\/p><p>Mit unseren umfassenden Gestaltungsrichtlinien (Styleguides) legen wir klare Standards f\u00fcr den Einsatz Ihrer visuellen Elemente fest. So bleibt Ihr Corporate Design konsistent \u2013 intern und extern.<\/p><p><strong>5. Digitale Markenauftritte<\/strong><\/p><p>Websites, Social-Media-Profile oder digitale Werbemittel \u2013 wir bringen Ihr Corporate Design in die digitale Welt und schaffen ein einheitliches Erscheinungsbild.<\/p><\/div><\/div>\t\t\t\t\t\t\t\t<\/div>\n\t\t\t\t<\/div>\n\t\t\t\t<\/div>\n\t\t\t\t\t<\/div>\n\t\t\t\t<\/div>\n\t\t<div class=\"elementor-element elementor-element-3b1b83b e-flex e-con-boxed e-con e-parent\" data-id=\"3b1b83b\" data-element_type=\"container\" data-settings=\"{&quot;background_background&quot;:&quot;classic&quot;}\">\n\t\t\t\t\t<div class=\"e-con-inner\">\n\t\t\t\t<div class=\"elementor-element elementor-element-6859761 elementor-widget-divider--view-line elementor-widget elementor-widget-divider\" data-id=\"6859761\" data-element_type=\"widget\" data-widget_type=\"divider.default\">\n\t\t\t\t<div class=\"elementor-widget-container\">\n\t\t\t\t\t\t\t<div class=\"elementor-divider\">\n\t\t\t<span class=\"elementor-divider-separator\">\n\t\t\t\t\t\t<\/span>\n\t\t<\/div>\n\t\t\t\t\t\t<\/div>\n\t\t\t\t<\/div>\n\t\t<div class=\"elementor-element elementor-element-833649e e-con-full e-flex e-con e-child\" data-id=\"833649e\" data-element_type=\"container\">\n\t\t\t\t<div class=\"elementor-element elementor-element-05aa5d1 elementor-widget elementor-widget-text-editor\" data-id=\"05aa5d1\" data-element_type=\"widget\" data-widget_type=\"text-editor.default\">\n\t\t\t\t<div class=\"elementor-widget-container\">\n\t\t\t\t\t\t\t\t\t<div class=\"uk-panel uk-margin\"><h4 style=\"font-style: normal; text-decoration: none; font-family: -apple-system, BlinkMacSystemFont, 'Segoe UI', Roboto, 'Helvetica Neue', Arial, sans-serif; font-weight: bold; color: #ffffff; text-transform: uppercase; font-size: 13px; line-height: 1.4; letter-spacing: 1.8px;\"><span style=\"--uk-inverse: initial; color: #dcbd00;\">Unser Prozess: Individuell und durchdacht?<\/span><\/h4><div style=\"letter-spacing: normal; font-family: -apple-system, BlinkMacSystemFont, 'Segoe UI', Roboto, 'Helvetica Neue', Arial, sans-serif; font-size: 18px;\"><p><strong>1. Analyse Ihrer Marke<\/strong><br \/>Wir beginnen mit einer umfassenden Analyse Ihres Unternehmens, Ihrer Zielgruppe und Ihrer Wettbewerber.<\/p><p><strong>2. Kreative Konzeptentwicklung<\/strong><br \/>Auf Basis der Analyse entwickeln wir ein ma\u00dfgeschneidertes Designkonzept, das Ihre Marke zum Leben erweckt.<\/p><p><strong>3. Umsetzung mit Liebe zum Detail<\/strong><br \/>Unser Team setzt die Designl\u00f6sungen pr\u00e4zise um und sorgt daf\u00fcr, dass Ihre Marke optimal widergespiegelt wird.<\/p><p><strong>4. Feedback und Feinabstimmung<\/strong><br \/>Gemeinsam mit Ihnen perfektionieren wir das Ergebnis, bis es Ihre und unsere Anspr\u00fcche vollends erf\u00fcllt.<\/p><\/div><\/div>\t\t\t\t\t\t\t\t<\/div>\n\t\t\t\t<\/div>\n\t\t\t\t<\/div>\n\t\t\t\t\t<\/div>\n\t\t\t\t<\/div>\n\t\t<div class=\"elementor-element elementor-element-09ae0df e-flex e-con-boxed e-con e-parent\" data-id=\"09ae0df\" data-element_type=\"container\" data-settings=\"{&quot;background_background&quot;:&quot;classic&quot;}\">\n\t\t\t\t\t<div class=\"e-con-inner\">\n\t\t\t\t<div class=\"elementor-element elementor-element-130cb0e elementor-widget-divider--view-line elementor-widget elementor-widget-divider\" data-id=\"130cb0e\" data-element_type=\"widget\" data-widget_type=\"divider.default\">\n\t\t\t\t<div class=\"elementor-widget-container\">\n\t\t\t\t\t\t\t<div class=\"elementor-divider\">\n\t\t\t<span class=\"elementor-divider-separator\">\n\t\t\t\t\t\t<\/span>\n\t\t<\/div>\n\t\t\t\t\t\t<\/div>\n\t\t\t\t<\/div>\n\t\t<div class=\"elementor-element elementor-element-81244a3 e-con-full e-flex e-con e-child\" data-id=\"81244a3\" data-element_type=\"container\">\n\t\t\t\t<div class=\"elementor-element elementor-element-fa5b9a9 elementor-widget elementor-widget-text-editor\" data-id=\"fa5b9a9\" data-element_type=\"widget\" data-widget_type=\"text-editor.default\">\n\t\t\t\t<div class=\"elementor-widget-container\">\n\t\t\t\t\t\t\t\t\t<div class=\"uk-panel uk-margin\"><h4 style=\"font-style: normal; text-decoration: none; font-family: -apple-system, BlinkMacSystemFont, 'Segoe UI', Roboto, 'Helvetica Neue', Arial, sans-serif; font-weight: bold; color: #ffffff; text-transform: uppercase; font-size: 13px; line-height: 1.4; letter-spacing: 1.8px;\"><span style=\"--uk-inverse: initial; color: #dcbd00;\">Warum Mww medien?<\/span><\/h4><div style=\"letter-spacing: normal; font-family: -apple-system, BlinkMacSystemFont, 'Segoe UI', Roboto, 'Helvetica Neue', Arial, sans-serif; font-size: 18px;\"><ul><li><strong>Erfahrung &amp; Expertise:<\/strong>\u00a0Unser Team aus erfahrenen Designer:innen versteht die Anforderungen moderner Marken.<\/li><li><strong>Kreativit\u00e4t &amp; Innovation:<\/strong>\u00a0Wir denken \u00fcber den Tellerrand hinaus und schaffen Designs, die herausstechen.<\/li><li><strong>Kundenzentriert:<\/strong>\u00a0Ihre W\u00fcnsche und Ziele stehen f\u00fcr uns im Mittelpunkt.<\/li><li><strong>Ganzheitliche Betreuung:<\/strong>\u00a0Wir begleiten Sie von der Idee bis zur Umsetzung \u2013 und dar\u00fcber hinaus.<\/li><\/ul><\/div><\/div>\t\t\t\t\t\t\t\t<\/div>\n\t\t\t\t<\/div>\n\t\t\t\t<\/div>\n\t\t\t\t\t<\/div>\n\t\t\t\t<\/div>\n\t\t<div class=\"elementor-element elementor-element-43f4212 e-flex e-con-boxed e-con e-parent\" data-id=\"43f4212\" data-element_type=\"container\" data-settings=\"{&quot;background_background&quot;:&quot;classic&quot;}\">\n\t\t\t\t\t<div class=\"e-con-inner\">\n\t\t<div class=\"elementor-element elementor-element-7add2db e-con-full e-flex e-con e-child\" data-id=\"7add2db\" data-element_type=\"container\">\n\t\t<div class=\"elementor-element elementor-element-1d5156f e-con-full e-flex e-con e-child\" data-id=\"1d5156f\" data-element_type=\"container\">\n\t\t\t\t<div class=\"elementor-element elementor-element-3dd1219 elementor-widget elementor-widget-heading\" data-id=\"3dd1219\" data-element_type=\"widget\" data-widget_type=\"heading.default\">\n\t\t\t\t<div class=\"elementor-widget-container\">\n\t\t\t\t\t<h2 class=\"elementor-heading-title elementor-size-default\">Kontaktieren Sie uns<\/h2>\t\t\t\t<\/div>\n\t\t\t\t<\/div>\n\t\t\t\t<div class=\"elementor-element elementor-element-6fd6684 elementor-widget elementor-widget-text-editor\" data-id=\"6fd6684\" data-element_type=\"widget\" data-widget_type=\"text-editor.default\">\n\t\t\t\t<div class=\"elementor-widget-container\">\n\t\t\t\t\t\t\t\t\t<div class=\"uk-panel uk-margin\"><div><p>Geben Sie Ihrer Marke das Gesicht, das sie verdient. Kontaktieren Sie uns noch heute und erfahren Sie mehr \u00fcber unsereCorporate-Design-Entwicklung. Gemeinsam gestalten wir die Zukunft Ihrer Marke!<\/p><\/div><p><a href=\"mailto:info@mww-medien.de\">info@mww-medien.de<\/a> | <a href=\"tel:+49405549690\">+49 (0) 40 55 49 69 0<\/a><\/p><p><strong>MWW Medien \u2013 <b>Ihre Marke, unsere Leidenschaft.<\/b><\/strong><\/p><\/div>\t\t\t\t\t\t\t\t<\/div>\n\t\t\t\t<\/div>\n\t\t\t\t<\/div>\n\t\t\t\t<\/div>\n\t\t\t\t\t<\/div>\n\t\t\t\t<\/div>\n\t\t\t\t<\/div>\n\t\t","protected":false},"excerpt":{"rendered":"<p>MWW Medien \u2013 Ihr Partner f\u00fcr Corporate Design, das Eindruck hinterl\u00e4sst Bei\u00a0MWW Medien\u00a0wissen wir, wie wichtig ein starkes Corporate Design [&hellip;]<\/p>\n","protected":false},"author":1,"featured_media":0,"parent":0,"menu_order":0,"comment_status":"closed","ping_status":"closed","template":"","meta":{"site-sidebar-layout":"no-sidebar","site-content-layout":"","ast-site-content-layout":"full-width-container","site-content-style":"default","site-sidebar-style":"default","ast-global-header-display":"","ast-banner-title-visibility":"","ast-main-header-display":"","ast-hfb-above-header-display":"","ast-hfb-below-header-display":"","ast-hfb-mobile-header-display":"","site-post-title":"disabled","ast-breadcrumbs-content":"","ast-featured-img":"disabled","footer-sml-layout":"","theme-transparent-header-meta":"","adv-header-id-meta":"","stick-header-meta":"","header-above-stick-meta":"","header-main-stick-meta":"","header-below-stick-meta":"","astra-migrate-meta-layouts":"default","ast-page-background-enabled":"default","ast-page-background-meta":{"desktop":{"background-color":"var(--ast-global-color-5)","background-image":"","background-repeat":"repeat","background-position":"center center","background-size":"auto","background-attachment":"scroll","background-type":"","background-media":"","overlay-type":"","overlay-color":"","overlay-opacity":"","overlay-gradient":""},"tablet":{"background-color":"","background-image":"","background-repeat":"repeat","background-position":"center center","background-size":"auto","background-attachment":"scroll","background-type":"","background-media":"","overlay-type":"","overlay-color":"","overlay-opacity":"","overlay-gradient":""},"mobile":{"background-color":"","background-image":"","background-repeat":"repeat","background-position":"center center","background-size":"auto","background-attachment":"scroll","background-type":"","background-media":"","overlay-type":"","overlay-color":"","overlay-opacity":"","overlay-gradient":""}},"ast-content-background-meta":{"desktop":{"background-color":"var(--ast-global-color-4)","background-image":"","background-repeat":"repeat","background-position":"center center","background-size":"auto","background-attachment":"scroll","background-type":"","background-media":"","overlay-type":"","overlay-color":"","overlay-opacity":"","overlay-gradient":""},"tablet":{"background-color":"var(--ast-global-color-4)","background-image":"","background-repeat":"repeat","background-position":"center center","background-size":"auto","background-attachment":"scroll","background-type":"","background-media":"","overlay-type":"","overlay-color":"","overlay-opacity":"","overlay-gradient":""},"mobile":{"background-color":"var(--ast-global-color-4)","background-image":"","background-repeat":"repeat","background-position":"center center","background-size":"auto","background-attachment":"scroll","background-type":"","background-media":"","overlay-type":"","overlay-color":"","overlay-opacity":"","overlay-gradient":""}},"footnotes":""},"class_list":["post-499","page","type-page","status-publish","hentry"],"_links":{"self":[{"href":"https:\/\/magical-cohen.5-44-109-22.plesk.page\/index.php\/wp-json\/wp\/v2\/pages\/499","targetHints":{"allow":["GET"]}}],"collection":[{"href":"https:\/\/magical-cohen.5-44-109-22.plesk.page\/index.php\/wp-json\/wp\/v2\/pages"}],"about":[{"href":"https:\/\/magical-cohen.5-44-109-22.plesk.page\/index.php\/wp-json\/wp\/v2\/types\/page"}],"author":[{"embeddable":true,"href":"https:\/\/magical-cohen.5-44-109-22.plesk.page\/index.php\/wp-json\/wp\/v2\/users\/1"}],"replies":[{"embeddable":true,"href":"https:\/\/magical-cohen.5-44-109-22.plesk.page\/index.php\/wp-json\/wp\/v2\/comments?post=499"}],"version-history":[{"count":16,"href":"https:\/\/magical-cohen.5-44-109-22.plesk.page\/index.php\/wp-json\/wp\/v2\/pages\/499\/revisions"}],"predecessor-version":[{"id":518,"href":"https:\/\/magical-cohen.5-44-109-22.plesk.page\/index.php\/wp-json\/wp\/v2\/pages\/499\/revisions\/518"}],"wp:attachment":[{"href":"https:\/\/magical-cohen.5-44-109-22.plesk.page\/index.php\/wp-json\/wp\/v2\/media?parent=499"}],"curies":[{"name":"wp","href":"https:\/\/api.w.org\/{rel}","templated":true}]}}